{"id":9304,"date":"2025-10-29T12:34:24","date_gmt":"2025-10-29T10:34:24","guid":{"rendered":"https:\/\/www.pallaressolsona.com\/sobre-nosaltres\/"},"modified":"2025-11-07T14:01:37","modified_gmt":"2025-11-07T12:01:37","slug":"sobre-nosotros","status":"publish","type":"page","link":"https:\/\/www.pallaressolsona.com\/es\/sobre-nosotros\/","title":{"rendered":"Qui\u00e9nes somos"},"content":{"rendered":"\t\t<div data-elementor-type=\"wp-page\" data-elementor-id=\"9304\" class=\"elementor elementor-9304 elementor-8770\">\n\t\t\t\t<div class=\"elementor-element elementor-element-947aee1 e-con-full e-flex e-con e-parent\" data-id=\"947aee1\" data-element_type=\"container\" data-e-type=\"container\" data-settings=\"{&quot;background_background&quot;:&quot;classic&quot;}\">\n\t\t\t\t<div class=\"elementor-element elementor-element-7305cd5 elementor-widget elementor-widget-spacer\" data-id=\"7305cd5\" data-element_type=\"widget\" data-e-type=\"widget\" data-widget_type=\"spacer.default\">\n\t\t\t\t\t\t\t<div class=\"elementor-spacer\">\n\t\t\t<div class=\"elementor-spacer-inner\"><\/div>\n\t\t<\/div>\n\t\t\t\t\t\t<\/div>\n\t\t\t\t<\/div>\n\t\t<div class=\"elementor-element elementor-element-6df42d9 e-con-full e-flex e-con e-parent\" data-id=\"6df42d9\" data-element_type=\"container\" data-e-type=\"container\">\n\t\t\t\t<div class=\"elementor-element elementor-element-cf73aef elementor-widget elementor-widget-stonemade_core_section_title\" data-id=\"cf73aef\" data-element_type=\"widget\" data-e-type=\"widget\" data-widget_type=\"stonemade_core_section_title.default\">\n\t\t\t\t<div class=\"elementor-widget-container\">\n\t\t\t\t\t<div class=\"qodef-shortcode qodef-m qodef-section-title qodef-alignment--center\">\n\t\t<h1 class=\"qodef-m-title\" >\n\tQui\u00e9nes somos\t\t<\/h1>\n\t\t<\/div>\n\t\t\t\t<\/div>\n\t\t\t\t<\/div>\n\t\t\t\t<\/div>\n\t\t<div class=\"elementor-element elementor-element-d144932 e-con-full e-flex e-con e-parent\" data-id=\"d144932\" data-element_type=\"container\" data-e-type=\"container\">\n\t\t<div class=\"elementor-element elementor-element-64d12f9 e-con-full e-flex e-con e-child\" data-id=\"64d12f9\" data-element_type=\"container\" data-e-type=\"container\">\n\t\t\t\t<div class=\"elementor-element elementor-element-d2e512c elementor-widget elementor-widget-stonemade_core_info_section\" data-id=\"d2e512c\" data-element_type=\"widget\" data-e-type=\"widget\" data-widget_type=\"stonemade_core_info_section.default\">\n\t\t\t\t<div class=\"elementor-widget-container\">\n\t\t\t\t\t<div class=\"qodef-shortcode qodef-m justificat qodef-info-section qodef-layout--background-text qodef-alignment--left qodef-background-text-pos--top-left\">\n\t<div class=\"qodef-m-background-text\">\n\t\t\t<\/div>\n\t<div class=\"qodef-m-info\">\n\t\t\t\t\t<h4 class=\"qodef-m-title\" style=\"margin-bottom: 15px\">\n\t\tHaciendo historia desde 1917\t\t\t<\/h4>\n\t\t\t<p class=\"qodef-m-text\" >Ciudad cuchillera desde sus inicios, Solsona tuvo desde el siglo XVI hasta principios del XX m\u00e1s de veinte talleres diferentes situados en el n\u00facleo antiguo. Poco a poco fueron desapareciendo hasta quedar solamente Pallar\u00e8s, taller fundado en 1917 por los hermanos Llu\u00eds y Carles Pallar\u00e8s i Canal.\n\nEstos empezaron el negocio con la fabricaci\u00f3n de navajas, todas con el mango de asta, que muy pronto fueron conocidas por todo el territorio catal\u00e1n. M\u00e1s adelante, y con el movimiento migratorio de la posguerra, la fama de la \u201cpallaresa\u201d se fue extendiendo por el resto de la pen\u00ednsula. Con el paso de los a\u00f1os se fueron sustituyendo antiguas t\u00e9cnicas de producci\u00f3n y la modernizaci\u00f3n permiti\u00f3 presentar una gama m\u00e1s amplia de navajas y cuchillos con materiales nuevos, muchos de los cuales todav\u00eda hoy se fabrican.\n\nActualmente, la tercera generaci\u00f3n trabaja para garantizar la calidad de siempre a trav\u00e9s de la adaptaci\u00f3n a las nuevas tecnolog\u00edas sin renunciar a las t\u00e9cnicas artesanales, como el afilado a mano. Los productos de Pallar\u00e8s van dirigidos a diferentes p\u00fablicos, ya que el cat\u00e1logo abarca desde navajas y cuchillos para todo tipo de uso hasta herramientas de campo y otros utensilios destinados al trabajo manual.<\/p>\n\t\t\t<\/div>\n<\/div>\n\t\t\t\t<\/div>\n\t\t\t\t<\/div>\n\t\t\t\t<\/div>\n\t\t<div class=\"elementor-element elementor-element-85d9888 e-con-full e-flex e-con e-child\" data-id=\"85d9888\" data-element_type=\"container\" data-e-type=\"container\">\n\t\t\t\t<div class=\"elementor-element elementor-element-2768f06 elementor-widget elementor-widget-spacer\" data-id=\"2768f06\" data-element_type=\"widget\" data-e-type=\"widget\" data-widget_type=\"spacer.default\">\n\t\t\t\t\t\t\t<div class=\"elementor-spacer\">\n\t\t\t<div class=\"elementor-spacer-inner\"><\/div>\n\t\t<\/div>\n\t\t\t\t\t\t<\/div>\n\t\t\t\t<div class=\"elementor-element elementor-element-5d00565 elementor-widget elementor-widget-image\" data-id=\"5d00565\" data-element_type=\"widget\" data-e-type=\"widget\" data-widget_type=\"image.default\">\n\t\t\t\t\t\t\t\t\t\t\t\t\t\t\t<img fetchpriority=\"high\" decoding=\"async\" width=\"1024\" height=\"704\" src=\"https:\/\/www.pallaressolsona.com\/wp-content\/uploads\/2025\/10\/Juli-i-Jesus-anys-90-1024x704.jpg\" class=\"attachment-large size-large wp-image-10498\" alt=\"\" srcset=\"https:\/\/www.pallaressolsona.com\/wp-content\/uploads\/2025\/10\/Juli-i-Jesus-anys-90-1024x704.jpg 1024w, https:\/\/www.pallaressolsona.com\/wp-content\/uploads\/2025\/10\/Juli-i-Jesus-anys-90-300x206.jpg 300w, https:\/\/www.pallaressolsona.com\/wp-content\/uploads\/2025\/10\/Juli-i-Jesus-anys-90-768x528.jpg 768w, https:\/\/www.pallaressolsona.com\/wp-content\/uploads\/2025\/10\/Juli-i-Jesus-anys-90-600x412.jpg 600w, https:\/\/www.pallaressolsona.com\/wp-content\/uploads\/2025\/10\/Juli-i-Jesus-anys-90.jpg 1401w\" sizes=\"(max-width: 1024px) 100vw, 1024px\" \/>\t\t\t\t\t\t\t\t\t\t\t\t\t\t\t<\/div>\n\t\t\t\t<\/div>\n\t\t\t\t<\/div>\n\t\t<div class=\"elementor-element elementor-element-26f6fb5 e-flex e-con-boxed e-con e-parent\" data-id=\"26f6fb5\" data-element_type=\"container\" data-e-type=\"container\">\n\t\t\t\t\t<div class=\"e-con-inner\">\n\t\t<div class=\"elementor-element elementor-element-6882985 e-con-full e-flex e-con e-child\" data-id=\"6882985\" data-element_type=\"container\" data-e-type=\"container\">\n\t\t\t\t<div class=\"elementor-element elementor-element-a3863c5 elementor-widget elementor-widget-image\" data-id=\"a3863c5\" data-element_type=\"widget\" data-e-type=\"widget\" data-widget_type=\"image.default\">\n\t\t\t\t\t\t\t\t\t\t\t\t\t\t\t<img decoding=\"async\" width=\"689\" height=\"1024\" src=\"https:\/\/www.pallaressolsona.com\/wp-content\/uploads\/2025\/10\/POSTAL-1917-HD-1-689x1024.jpg\" class=\"attachment-large size-large wp-image-10503\" alt=\"\" srcset=\"https:\/\/www.pallaressolsona.com\/wp-content\/uploads\/2025\/10\/POSTAL-1917-HD-1-689x1024.jpg 689w, https:\/\/www.pallaressolsona.com\/wp-content\/uploads\/2025\/10\/POSTAL-1917-HD-1-202x300.jpg 202w, https:\/\/www.pallaressolsona.com\/wp-content\/uploads\/2025\/10\/POSTAL-1917-HD-1-768x1142.jpg 768w, https:\/\/www.pallaressolsona.com\/wp-content\/uploads\/2025\/10\/POSTAL-1917-HD-1-1033x1536.jpg 1033w, https:\/\/www.pallaressolsona.com\/wp-content\/uploads\/2025\/10\/POSTAL-1917-HD-1-1378x2048.jpg 1378w, https:\/\/www.pallaressolsona.com\/wp-content\/uploads\/2025\/10\/POSTAL-1917-HD-1-600x892.jpg 600w, https:\/\/www.pallaressolsona.com\/wp-content\/uploads\/2025\/10\/POSTAL-1917-HD-1.jpg 1500w\" sizes=\"(max-width: 689px) 100vw, 689px\" \/>\t\t\t\t\t\t\t\t\t\t\t\t\t\t\t<\/div>\n\t\t\t\t<\/div>\n\t\t<div class=\"elementor-element elementor-element-a07e862 e-con-full e-flex e-con e-child\" data-id=\"a07e862\" data-element_type=\"container\" data-e-type=\"container\">\n\t\t\t\t<div class=\"elementor-element elementor-element-722f008 elementor-widget elementor-widget-image\" data-id=\"722f008\" data-element_type=\"widget\" data-e-type=\"widget\" data-widget_type=\"image.default\">\n\t\t\t\t\t\t\t\t\t\t\t\t\t\t\t<img decoding=\"async\" width=\"1024\" height=\"752\" src=\"https:\/\/www.pallaressolsona.com\/wp-content\/uploads\/2025\/10\/Factura-1929-1024x752.jpg\" class=\"attachment-large size-large wp-image-9308\" alt=\"\" srcset=\"https:\/\/www.pallaressolsona.com\/wp-content\/uploads\/2025\/10\/Factura-1929-1024x752.jpg 1024w, https:\/\/www.pallaressolsona.com\/wp-content\/uploads\/2025\/10\/Factura-1929-300x220.jpg 300w, https:\/\/www.pallaressolsona.com\/wp-content\/uploads\/2025\/10\/Factura-1929-768x564.jpg 768w, https:\/\/www.pallaressolsona.com\/wp-content\/uploads\/2025\/10\/Factura-1929-1536x1128.jpg 1536w, https:\/\/www.pallaressolsona.com\/wp-content\/uploads\/2025\/10\/Factura-1929-2048x1505.jpg 2048w\" sizes=\"(max-width: 1024px) 100vw, 1024px\" \/>\t\t\t\t\t\t\t\t\t\t\t\t\t\t\t<\/div>\n\t\t\t\t<\/div>\n\t\t\t\t\t<\/div>\n\t\t\t\t<\/div>\n\t\t\t\t<\/div>\n\t\t","protected":false},"excerpt":{"rendered":"<p>Qui\u00e9nes somos Haciendo historia desde 1917 Ciudad cuchillera desde sus inicios, Solsona tuvo desde el siglo XVI hasta principios del XX m\u00e1s de veinte talleres diferentes situados en el n\u00facleo antiguo. Poco a poco fueron desapareciendo hasta quedar solamente Pallar\u00e8s, taller fundado en 1917 por los hermanos Llu\u00eds y Carles Pallar\u00e8s i Canal. Estos empezaron [&hellip;]<\/p>\n","protected":false},"author":1,"featured_media":0,"parent":0,"menu_order":2,"comment_status":"closed","ping_status":"closed","template":"page-full-width.php","meta":{"footnotes":""},"class_list":["post-9304","page","type-page","status-publish","hentry"],"aioseo_notices":[],"_links":{"self":[{"href":"https:\/\/www.pallaressolsona.com\/es\/wp-json\/wp\/v2\/pages\/9304","targetHints":{"allow":["GET"]}}],"collection":[{"href":"https:\/\/www.pallaressolsona.com\/es\/wp-json\/wp\/v2\/pages"}],"about":[{"href":"https:\/\/www.pallaressolsona.com\/es\/wp-json\/wp\/v2\/types\/page"}],"author":[{"embeddable":true,"href":"https:\/\/www.pallaressolsona.com\/es\/wp-json\/wp\/v2\/users\/1"}],"replies":[{"embeddable":true,"href":"https:\/\/www.pallaressolsona.com\/es\/wp-json\/wp\/v2\/comments?post=9304"}],"version-history":[{"count":7,"href":"https:\/\/www.pallaressolsona.com\/es\/wp-json\/wp\/v2\/pages\/9304\/revisions"}],"predecessor-version":[{"id":10536,"href":"https:\/\/www.pallaressolsona.com\/es\/wp-json\/wp\/v2\/pages\/9304\/revisions\/10536"}],"wp:attachment":[{"href":"https:\/\/www.pallaressolsona.com\/es\/wp-json\/wp\/v2\/media?parent=9304"}],"curies":[{"name":"wp","href":"https:\/\/api.w.org\/{rel}","templated":true}]}}

Quiénes somos

<div data-elementor-type="wp-page" data-elementor-id="9304" class="elementor elementor-9304 elementor-8770">
				<div class="elementor-element elementor-element-947aee1 e-con-full e-flex e-con e-parent" data-id="947aee1" data-element_type="container" data-e-type="container" data-settings="{&quot;background_background&quot;:&quot;classic&quot;}">
				<div class="elementor-element elementor-element-7305cd5 elementor-widget elementor-widget-spacer" data-id="7305cd5" data-element_type="widget" data-e-type="widget" data-widget_type="spacer.default">
							<div class="elementor-spacer">
			<div class="elementor-spacer-inner"></div>
		</div>
						</div>
				</div>
		<div class="elementor-element elementor-element-6df42d9 e-con-full e-flex e-con e-parent" data-id="6df42d9" data-element_type="container" data-e-type="container">
				<div class="elementor-element elementor-element-cf73aef elementor-widget elementor-widget-stonemade_core_section_title" data-id="cf73aef" data-element_type="widget" data-e-type="widget" data-widget_type="stonemade_core_section_title.default">
				<div class="elementor-widget-container">
					<div class="qodef-shortcode qodef-m qodef-section-title qodef-alignment--center">
		<h1 class="qodef-m-title" >
	Quiénes somos		</h1>
		</div>
				</div>
				</div>
				</div>
		<div class="elementor-element elementor-element-d144932 e-con-full e-flex e-con e-parent" data-id="d144932" data-element_type="container" data-e-type="container">
		<div class="elementor-element elementor-element-64d12f9 e-con-full e-flex e-con e-child" data-id="64d12f9" data-element_type="container" data-e-type="container">
				<div class="elementor-element elementor-element-d2e512c elementor-widget elementor-widget-stonemade_core_info_section" data-id="d2e512c" data-element_type="widget" data-e-type="widget" data-widget_type="stonemade_core_info_section.default">
				<div class="elementor-widget-container">
					<div class="qodef-shortcode qodef-m justificat qodef-info-section qodef-layout--background-text qodef-alignment--left qodef-background-text-pos--top-left">
	<div class="qodef-m-background-text">
			</div>
	<div class="qodef-m-info">
					<h4 class="qodef-m-title" style="margin-bottom: 15px">
		Haciendo historia desde 1917			</h4>
			<p class="qodef-m-text" >Ciudad cuchillera desde sus inicios, Solsona tuvo desde el siglo XVI hasta principios del XX más de veinte talleres diferentes situados en el núcleo antiguo. Poco a poco fueron desapareciendo hasta quedar solamente Pallarès, taller fundado en 1917 por los hermanos Lluís y Carles Pallarès i Canal.

Estos empezaron el negocio con la fabricación de navajas, todas con el mango de asta, que muy pronto fueron conocidas por todo el territorio catalán. Más adelante, y con el movimiento migratorio de la posguerra, la fama de la “pallaresa” se fue extendiendo por el resto de la península. Con el paso de los años se fueron sustituyendo antiguas técnicas de producción y la modernización permitió presentar una gama más amplia de navajas y cuchillos con materiales nuevos, muchos de los cuales todavía hoy se fabrican.

Actualmente, la tercera generación trabaja para garantizar la calidad de siempre a través de la adaptación a las nuevas tecnologías sin renunciar a las técnicas artesanales, como el afilado a mano. Los productos de Pallarès van dirigidos a diferentes públicos, ya que el catálogo abarca desde navajas y cuchillos para todo tipo de uso hasta herramientas de campo y otros utensilios destinados al trabajo manual.</p>
			</div>
</div>
				</div>
				</div>
				</div>
		<div class="elementor-element elementor-element-85d9888 e-con-full e-flex e-con e-child" data-id="85d9888" data-element_type="container" data-e-type="container">
				<div class="elementor-element elementor-element-2768f06 elementor-widget elementor-widget-spacer" data-id="2768f06" data-element_type="widget" data-e-type="widget" data-widget_type="spacer.default">
							<div class="elementor-spacer">
			<div class="elementor-spacer-inner"></div>
		</div>
						</div>
				<div class="elementor-element elementor-element-5d00565 elementor-widget elementor-widget-image" data-id="5d00565" data-element_type="widget" data-e-type="widget" data-widget_type="image.default">
															<img fetchpriority="high" decoding="async" width="1024" height="704" src="https://www.pallaressolsona.com/wp-content/uploads/2025/10/Juli-i-Jesus-anys-90-1024x704.jpg" class="attachment-large size-large wp-image-10498" alt="" srcset="https://www.pallaressolsona.com/wp-content/uploads/2025/10/Juli-i-Jesus-anys-90-1024x704.jpg 1024w, https://www.pallaressolsona.com/wp-content/uploads/2025/10/Juli-i-Jesus-anys-90-300x206.jpg 300w, https://www.pallaressolsona.com/wp-content/uploads/2025/10/Juli-i-Jesus-anys-90-768x528.jpg 768w, https://www.pallaressolsona.com/wp-content/uploads/2025/10/Juli-i-Jesus-anys-90-600x412.jpg 600w, https://www.pallaressolsona.com/wp-content/uploads/2025/10/Juli-i-Jesus-anys-90.jpg 1401w" sizes="(max-width: 1024px) 100vw, 1024px" />															</div>
				</div>
				</div>
		<div class="elementor-element elementor-element-26f6fb5 e-flex e-con-boxed e-con e-parent" data-id="26f6fb5" data-element_type="container" data-e-type="container">
					<div class="e-con-inner">
		<div class="elementor-element elementor-element-6882985 e-con-full e-flex e-con e-child" data-id="6882985" data-element_type="container" data-e-type="container">
				<div class="elementor-element elementor-element-a3863c5 elementor-widget elementor-widget-image" data-id="a3863c5" data-element_type="widget" data-e-type="widget" data-widget_type="image.default">
															<img decoding="async" width="689" height="1024" src="https://www.pallaressolsona.com/wp-content/uploads/2025/10/POSTAL-1917-HD-1-689x1024.jpg" class="attachment-large size-large wp-image-10503" alt="" srcset="https://www.pallaressolsona.com/wp-content/uploads/2025/10/POSTAL-1917-HD-1-689x1024.jpg 689w, https://www.pallaressolsona.com/wp-content/uploads/2025/10/POSTAL-1917-HD-1-202x300.jpg 202w, https://www.pallaressolsona.com/wp-content/uploads/2025/10/POSTAL-1917-HD-1-768x1142.jpg 768w, https://www.pallaressolsona.com/wp-content/uploads/2025/10/POSTAL-1917-HD-1-1033x1536.jpg 1033w, https://www.pallaressolsona.com/wp-content/uploads/2025/10/POSTAL-1917-HD-1-1378x2048.jpg 1378w, https://www.pallaressolsona.com/wp-content/uploads/2025/10/POSTAL-1917-HD-1-600x892.jpg 600w, https://www.pallaressolsona.com/wp-content/uploads/2025/10/POSTAL-1917-HD-1.jpg 1500w" sizes="(max-width: 689px) 100vw, 689px" />															</div>
				</div>
		<div class="elementor-element elementor-element-a07e862 e-con-full e-flex e-con e-child" data-id="a07e862" data-element_type="container" data-e-type="container">
				<div class="elementor-element elementor-element-722f008 elementor-widget elementor-widget-image" data-id="722f008" data-element_type="widget" data-e-type="widget" data-widget_type="image.default">
															<img decoding="async" width="1024" height="752" src="https://www.pallaressolsona.com/wp-content/uploads/2025/10/Factura-1929-1024x752.jpg" class="attachment-large size-large wp-image-9308" alt="" srcset="https://www.pallaressolsona.com/wp-content/uploads/2025/10/Factura-1929-1024x752.jpg 1024w, https://www.pallaressolsona.com/wp-content/uploads/2025/10/Factura-1929-300x220.jpg 300w, https://www.pallaressolsona.com/wp-content/uploads/2025/10/Factura-1929-768x564.jpg 768w, https://www.pallaressolsona.com/wp-content/uploads/2025/10/Factura-1929-1536x1128.jpg 1536w, https://www.pallaressolsona.com/wp-content/uploads/2025/10/Factura-1929-2048x1505.jpg 2048w" sizes="(max-width: 1024px) 100vw, 1024px" />															</div>
				</div>
					</div>
				</div>
				</div>

<p>Quiénes somos Haciendo historia desde 1917 Ciudad cuchillera desde sus inicios, Solsona tuvo desde el siglo XVI hasta principios del XX más de veinte talleres diferentes situados en el núcleo antiguo. Poco a poco fueron desapareciendo hasta quedar solamente Pallarès, taller fundado en 1917 por los hermanos Lluís y Carles Pallarès i Canal. Estos empezaron [&hellip;]</p>
