{"id":8770,"date":"2025-10-29T12:34:24","date_gmt":"2025-10-29T10:34:24","guid":{"rendered":"https:\/\/www.pallaressolsona.com\/?page_id=8770"},"modified":"2025-10-31T11:32:04","modified_gmt":"2025-10-31T09:32:04","slug":"sobre-nosaltres","status":"publish","type":"page","link":"https:\/\/www.pallaressolsona.com\/ca\/sobre-nosaltres\/","title":{"rendered":"Qui som"},"content":{"rendered":"\t\t<div data-elementor-type=\"wp-page\" data-elementor-id=\"8770\" class=\"elementor elementor-8770\">\n\t\t\t\t<div class=\"elementor-element elementor-element-947aee1 e-con-full e-flex e-con e-parent\" data-id=\"947aee1\" data-element_type=\"container\" data-e-type=\"container\" data-settings=\"{&quot;background_background&quot;:&quot;classic&quot;}\">\n\t\t\t\t<div class=\"elementor-element elementor-element-7305cd5 elementor-widget elementor-widget-spacer\" data-id=\"7305cd5\" data-element_type=\"widget\" data-e-type=\"widget\" data-widget_type=\"spacer.default\">\n\t\t\t\t\t\t\t<div class=\"elementor-spacer\">\n\t\t\t<div class=\"elementor-spacer-inner\"><\/div>\n\t\t<\/div>\n\t\t\t\t\t\t<\/div>\n\t\t\t\t<\/div>\n\t\t<div class=\"elementor-element elementor-element-6df42d9 e-con-full e-flex e-con e-parent\" data-id=\"6df42d9\" data-element_type=\"container\" data-e-type=\"container\">\n\t\t\t\t<div class=\"elementor-element elementor-element-cf73aef elementor-widget elementor-widget-stonemade_core_section_title\" data-id=\"cf73aef\" data-element_type=\"widget\" data-e-type=\"widget\" data-widget_type=\"stonemade_core_section_title.default\">\n\t\t\t\t<div class=\"elementor-widget-container\">\n\t\t\t\t\t<div class=\"qodef-shortcode qodef-m qodef-section-title qodef-alignment--center\">\n\t\t<h1 class=\"qodef-m-title\" >\n\tQui som\t\t<\/h1>\n\t\t<\/div>\n\t\t\t\t<\/div>\n\t\t\t\t<\/div>\n\t\t\t\t<\/div>\n\t\t<div class=\"elementor-element elementor-element-d144932 e-con-full e-flex e-con e-parent\" data-id=\"d144932\" data-element_type=\"container\" data-e-type=\"container\">\n\t\t<div class=\"elementor-element elementor-element-64d12f9 e-con-full e-flex e-con e-child\" data-id=\"64d12f9\" data-element_type=\"container\" data-e-type=\"container\">\n\t\t\t\t<div class=\"elementor-element elementor-element-d2e512c elementor-widget elementor-widget-stonemade_core_info_section\" data-id=\"d2e512c\" data-element_type=\"widget\" data-e-type=\"widget\" data-widget_type=\"stonemade_core_info_section.default\">\n\t\t\t\t<div class=\"elementor-widget-container\">\n\t\t\t\t\t<div class=\"qodef-shortcode qodef-m justificat qodef-info-section qodef-layout--background-text qodef-alignment--left qodef-background-text-pos--top-left\">\n\t<div class=\"qodef-m-background-text\">\n\t\t\t<\/div>\n\t<div class=\"qodef-m-info\">\n\t\t\t\t\t<h4 class=\"qodef-m-title\" style=\"margin-bottom: 15px\">\n\t\tFent hist\u00f2ria des de 1917\t\t\t<\/h4>\n\t\t\t<p class=\"qodef-m-text\" >Ciutat ganivetera des dels seus inicis, Solsona va tenir des del segle XVI fins a principis del XX fins a vint diferents tallers situats al seu nucli antic. A poc a poc van anar desapareixent fins a quedar nom\u00e9s Pallar\u00e8s, taller fundat el 1917 pels germans Llu\u00eds i Carles Pallar\u00e8s i Canal.\n\nAquests varen encetar el negoci amb la fabricaci\u00f3 de navalles, totes amb el m\u00e0nec de banya, que ben aviat foren conegudes arreu del territori catal\u00e0. M\u00e9s endavant i amb el moviment migratori de la postguerra, la fama de la \u201cpallaresa\u201d es va estendre per la resta de la pen\u00ednsula. Amb el pas dels anys es van anar substituint antigues t\u00e8cniques de producci\u00f3 i la modernitzaci\u00f3 va permetre presentar una gamma m\u00e9s \u00e0mplia de navalles i ganivets amb materials nous, molts dels quals encara es fabriquen.\n\nActualment la tercera generaci\u00f3 treballa per garantir la qualitat de sempre a trav\u00e9s de l\u2019adaptaci\u00f3 a les noves tecnologies sense renunciar a les t\u00e8cniques artesanals, com l\u2019esmolat a m\u00e0. Els productes de Pallar\u00e8s van adre\u00e7ats a diferents p\u00fablics, ja que el cat\u00e0leg compr\u00e8n des de navalles i ganivets per a tota mena d\u2019\u00fas fins a eines de camp i altres estris destinats al treball manual.\n<\/p>\n\t\t\t<\/div>\n<\/div>\n\t\t\t\t<\/div>\n\t\t\t\t<\/div>\n\t\t\t\t<\/div>\n\t\t<div class=\"elementor-element elementor-element-85d9888 e-con-full e-flex e-con e-child\" data-id=\"85d9888\" data-element_type=\"container\" data-e-type=\"container\">\n\t\t\t\t<div class=\"elementor-element elementor-element-2768f06 elementor-widget elementor-widget-spacer\" data-id=\"2768f06\" data-element_type=\"widget\" data-e-type=\"widget\" data-widget_type=\"spacer.default\">\n\t\t\t\t\t\t\t<div class=\"elementor-spacer\">\n\t\t\t<div class=\"elementor-spacer-inner\"><\/div>\n\t\t<\/div>\n\t\t\t\t\t\t<\/div>\n\t\t\t\t<div class=\"elementor-element elementor-element-5d00565 elementor-widget elementor-widget-image\" data-id=\"5d00565\" data-element_type=\"widget\" data-e-type=\"widget\" data-widget_type=\"image.default\">\n\t\t\t\t\t\t\t\t\t\t\t\t\t\t\t<img fetchpriority=\"high\" decoding=\"async\" width=\"1024\" height=\"704\" src=\"https:\/\/www.pallaressolsona.com\/wp-content\/uploads\/2025\/10\/Juli-i-Jesus-anys-90-1024x704.jpg\" class=\"attachment-large size-large wp-image-8992\" alt=\"\" srcset=\"https:\/\/www.pallaressolsona.com\/wp-content\/uploads\/2025\/10\/Juli-i-Jesus-anys-90-1024x704.jpg 1024w, https:\/\/www.pallaressolsona.com\/wp-content\/uploads\/2025\/10\/Juli-i-Jesus-anys-90-300x206.jpg 300w, https:\/\/www.pallaressolsona.com\/wp-content\/uploads\/2025\/10\/Juli-i-Jesus-anys-90-768x528.jpg 768w, https:\/\/www.pallaressolsona.com\/wp-content\/uploads\/2025\/10\/Juli-i-Jesus-anys-90-600x412.jpg 600w, https:\/\/www.pallaressolsona.com\/wp-content\/uploads\/2025\/10\/Juli-i-Jesus-anys-90.jpg 1401w\" sizes=\"(max-width: 1024px) 100vw, 1024px\" \/>\t\t\t\t\t\t\t\t\t\t\t\t\t\t\t<\/div>\n\t\t\t\t<\/div>\n\t\t\t\t<\/div>\n\t\t<div class=\"elementor-element elementor-element-26f6fb5 e-flex e-con-boxed e-con e-parent\" data-id=\"26f6fb5\" data-element_type=\"container\" data-e-type=\"container\">\n\t\t\t\t\t<div class=\"e-con-inner\">\n\t\t<div class=\"elementor-element elementor-element-6882985 e-con-full e-flex e-con e-child\" data-id=\"6882985\" data-element_type=\"container\" data-e-type=\"container\">\n\t\t\t\t<div class=\"elementor-element elementor-element-a3863c5 elementor-widget elementor-widget-image\" data-id=\"a3863c5\" data-element_type=\"widget\" data-e-type=\"widget\" data-widget_type=\"image.default\">\n\t\t\t\t\t\t\t\t\t\t\t\t\t\t\t<img decoding=\"async\" width=\"689\" height=\"1024\" src=\"https:\/\/www.pallaressolsona.com\/wp-content\/uploads\/2025\/10\/POSTAL-1917-HD-1-689x1024.jpg\" class=\"attachment-large size-large wp-image-9013\" alt=\"\" srcset=\"https:\/\/www.pallaressolsona.com\/wp-content\/uploads\/2025\/10\/POSTAL-1917-HD-1-689x1024.jpg 689w, https:\/\/www.pallaressolsona.com\/wp-content\/uploads\/2025\/10\/POSTAL-1917-HD-1-202x300.jpg 202w, https:\/\/www.pallaressolsona.com\/wp-content\/uploads\/2025\/10\/POSTAL-1917-HD-1-768x1142.jpg 768w, https:\/\/www.pallaressolsona.com\/wp-content\/uploads\/2025\/10\/POSTAL-1917-HD-1-1033x1536.jpg 1033w, https:\/\/www.pallaressolsona.com\/wp-content\/uploads\/2025\/10\/POSTAL-1917-HD-1-1378x2048.jpg 1378w, https:\/\/www.pallaressolsona.com\/wp-content\/uploads\/2025\/10\/POSTAL-1917-HD-1-600x892.jpg 600w, https:\/\/www.pallaressolsona.com\/wp-content\/uploads\/2025\/10\/POSTAL-1917-HD-1.jpg 1500w\" sizes=\"(max-width: 689px) 100vw, 689px\" \/>\t\t\t\t\t\t\t\t\t\t\t\t\t\t\t<\/div>\n\t\t\t\t<\/div>\n\t\t<div class=\"elementor-element elementor-element-a07e862 e-con-full e-flex e-con e-child\" data-id=\"a07e862\" data-element_type=\"container\" data-e-type=\"container\">\n\t\t\t\t<div class=\"elementor-element elementor-element-722f008 elementor-widget elementor-widget-image\" data-id=\"722f008\" data-element_type=\"widget\" data-e-type=\"widget\" data-widget_type=\"image.default\">\n\t\t\t\t\t\t\t\t\t\t\t\t\t\t\t<img decoding=\"async\" width=\"1024\" height=\"752\" src=\"https:\/\/www.pallaressolsona.com\/wp-content\/uploads\/2025\/10\/Factura-1929-1024x752.jpg\" class=\"attachment-large size-large wp-image-9005\" alt=\"\" srcset=\"https:\/\/www.pallaressolsona.com\/wp-content\/uploads\/2025\/10\/Factura-1929-1024x752.jpg 1024w, https:\/\/www.pallaressolsona.com\/wp-content\/uploads\/2025\/10\/Factura-1929-300x220.jpg 300w, https:\/\/www.pallaressolsona.com\/wp-content\/uploads\/2025\/10\/Factura-1929-768x564.jpg 768w, https:\/\/www.pallaressolsona.com\/wp-content\/uploads\/2025\/10\/Factura-1929-1536x1128.jpg 1536w, https:\/\/www.pallaressolsona.com\/wp-content\/uploads\/2025\/10\/Factura-1929-2048x1505.jpg 2048w\" sizes=\"(max-width: 1024px) 100vw, 1024px\" \/>\t\t\t\t\t\t\t\t\t\t\t\t\t\t\t<\/div>\n\t\t\t\t<\/div>\n\t\t\t\t\t<\/div>\n\t\t\t\t<\/div>\n\t\t\t\t<\/div>\n\t\t","protected":false},"excerpt":{"rendered":"<p>Qui som Fent hist\u00f2ria des de 1917 Ciutat ganivetera des dels seus inicis, Solsona va tenir des del segle XVI fins a principis del XX fins a vint diferents tallers situats al seu nucli antic. A poc a poc van anar desapareixent fins a quedar nom\u00e9s Pallar\u00e8s, taller fundat el 1917 pels germans Llu\u00eds i [&hellip;]<\/p>\n","protected":false},"author":1,"featured_media":0,"parent":0,"menu_order":2,"comment_status":"closed","ping_status":"closed","template":"page-full-width.php","meta":{"footnotes":""},"class_list":["post-8770","page","type-page","status-publish","hentry"],"aioseo_notices":[],"_links":{"self":[{"href":"https:\/\/www.pallaressolsona.com\/ca\/wp-json\/wp\/v2\/pages\/8770","targetHints":{"allow":["GET"]}}],"collection":[{"href":"https:\/\/www.pallaressolsona.com\/ca\/wp-json\/wp\/v2\/pages"}],"about":[{"href":"https:\/\/www.pallaressolsona.com\/ca\/wp-json\/wp\/v2\/types\/page"}],"author":[{"embeddable":true,"href":"https:\/\/www.pallaressolsona.com\/ca\/wp-json\/wp\/v2\/users\/1"}],"replies":[{"embeddable":true,"href":"https:\/\/www.pallaressolsona.com\/ca\/wp-json\/wp\/v2\/comments?post=8770"}],"version-history":[{"count":76,"href":"https:\/\/www.pallaressolsona.com\/ca\/wp-json\/wp\/v2\/pages\/8770\/revisions"}],"predecessor-version":[{"id":9034,"href":"https:\/\/www.pallaressolsona.com\/ca\/wp-json\/wp\/v2\/pages\/8770\/revisions\/9034"}],"wp:attachment":[{"href":"https:\/\/www.pallaressolsona.com\/ca\/wp-json\/wp\/v2\/media?parent=8770"}],"curies":[{"name":"wp","href":"https:\/\/api.w.org\/{rel}","templated":true}]}}

<div data-elementor-type="wp-page" data-elementor-id="8770" class="elementor elementor-8770">
				<div class="elementor-element elementor-element-947aee1 e-con-full e-flex e-con e-parent" data-id="947aee1" data-element_type="container" data-e-type="container" data-settings="{&quot;background_background&quot;:&quot;classic&quot;}">
				<div class="elementor-element elementor-element-7305cd5 elementor-widget elementor-widget-spacer" data-id="7305cd5" data-element_type="widget" data-e-type="widget" data-widget_type="spacer.default">
							<div class="elementor-spacer">
			<div class="elementor-spacer-inner"></div>
		</div>
						</div>
				</div>
		<div class="elementor-element elementor-element-6df42d9 e-con-full e-flex e-con e-parent" data-id="6df42d9" data-element_type="container" data-e-type="container">
				<div class="elementor-element elementor-element-cf73aef elementor-widget elementor-widget-stonemade_core_section_title" data-id="cf73aef" data-element_type="widget" data-e-type="widget" data-widget_type="stonemade_core_section_title.default">
				<div class="elementor-widget-container">
					<div class="qodef-shortcode qodef-m qodef-section-title qodef-alignment--center">
		<h1 class="qodef-m-title" >
	Qui som		</h1>
		</div>
				</div>
				</div>
				</div>
		<div class="elementor-element elementor-element-d144932 e-con-full e-flex e-con e-parent" data-id="d144932" data-element_type="container" data-e-type="container">
		<div class="elementor-element elementor-element-64d12f9 e-con-full e-flex e-con e-child" data-id="64d12f9" data-element_type="container" data-e-type="container">
				<div class="elementor-element elementor-element-d2e512c elementor-widget elementor-widget-stonemade_core_info_section" data-id="d2e512c" data-element_type="widget" data-e-type="widget" data-widget_type="stonemade_core_info_section.default">
				<div class="elementor-widget-container">
					<div class="qodef-shortcode qodef-m justificat qodef-info-section qodef-layout--background-text qodef-alignment--left qodef-background-text-pos--top-left">
	<div class="qodef-m-background-text">
			</div>
	<div class="qodef-m-info">
					<h4 class="qodef-m-title" style="margin-bottom: 15px">
		Fent història des de 1917			</h4>
			<p class="qodef-m-text" >Ciutat ganivetera des dels seus inicis, Solsona va tenir des del segle XVI fins a principis del XX fins a vint diferents tallers situats al seu nucli antic. A poc a poc van anar desapareixent fins a quedar només Pallarès, taller fundat el 1917 pels germans Lluís i Carles Pallarès i Canal.

Aquests varen encetar el negoci amb la fabricació de navalles, totes amb el mànec de banya, que ben aviat foren conegudes arreu del territori català. Més endavant i amb el moviment migratori de la postguerra, la fama de la “pallaresa” es va estendre per la resta de la península. Amb el pas dels anys es van anar substituint antigues tècniques de producció i la modernització va permetre presentar una gamma més àmplia de navalles i ganivets amb materials nous, molts dels quals encara es fabriquen.

Actualment la tercera generació treballa per garantir la qualitat de sempre a través de l’adaptació a les noves tecnologies sense renunciar a les tècniques artesanals, com l’esmolat a mà. Els productes de Pallarès van adreçats a diferents públics, ja que el catàleg comprèn des de navalles i ganivets per a tota mena d’ús fins a eines de camp i altres estris destinats al treball manual.
</p>
			</div>
</div>
				</div>
				</div>
				</div>
		<div class="elementor-element elementor-element-85d9888 e-con-full e-flex e-con e-child" data-id="85d9888" data-element_type="container" data-e-type="container">
				<div class="elementor-element elementor-element-2768f06 elementor-widget elementor-widget-spacer" data-id="2768f06" data-element_type="widget" data-e-type="widget" data-widget_type="spacer.default">
							<div class="elementor-spacer">
			<div class="elementor-spacer-inner"></div>
		</div>
						</div>
				<div class="elementor-element elementor-element-5d00565 elementor-widget elementor-widget-image" data-id="5d00565" data-element_type="widget" data-e-type="widget" data-widget_type="image.default">
															<img fetchpriority="high" decoding="async" width="1024" height="704" src="https://www.pallaressolsona.com/wp-content/uploads/2025/10/Juli-i-Jesus-anys-90-1024x704.jpg" class="attachment-large size-large wp-image-8992" alt="" srcset="https://www.pallaressolsona.com/wp-content/uploads/2025/10/Juli-i-Jesus-anys-90-1024x704.jpg 1024w, https://www.pallaressolsona.com/wp-content/uploads/2025/10/Juli-i-Jesus-anys-90-300x206.jpg 300w, https://www.pallaressolsona.com/wp-content/uploads/2025/10/Juli-i-Jesus-anys-90-768x528.jpg 768w, https://www.pallaressolsona.com/wp-content/uploads/2025/10/Juli-i-Jesus-anys-90-600x412.jpg 600w, https://www.pallaressolsona.com/wp-content/uploads/2025/10/Juli-i-Jesus-anys-90.jpg 1401w" sizes="(max-width: 1024px) 100vw, 1024px" />															</div>
				</div>
				</div>
		<div class="elementor-element elementor-element-26f6fb5 e-flex e-con-boxed e-con e-parent" data-id="26f6fb5" data-element_type="container" data-e-type="container">
					<div class="e-con-inner">
		<div class="elementor-element elementor-element-6882985 e-con-full e-flex e-con e-child" data-id="6882985" data-element_type="container" data-e-type="container">
				<div class="elementor-element elementor-element-a3863c5 elementor-widget elementor-widget-image" data-id="a3863c5" data-element_type="widget" data-e-type="widget" data-widget_type="image.default">
															<img decoding="async" width="689" height="1024" src="https://www.pallaressolsona.com/wp-content/uploads/2025/10/POSTAL-1917-HD-1-689x1024.jpg" class="attachment-large size-large wp-image-9013" alt="" srcset="https://www.pallaressolsona.com/wp-content/uploads/2025/10/POSTAL-1917-HD-1-689x1024.jpg 689w, https://www.pallaressolsona.com/wp-content/uploads/2025/10/POSTAL-1917-HD-1-202x300.jpg 202w, https://www.pallaressolsona.com/wp-content/uploads/2025/10/POSTAL-1917-HD-1-768x1142.jpg 768w, https://www.pallaressolsona.com/wp-content/uploads/2025/10/POSTAL-1917-HD-1-1033x1536.jpg 1033w, https://www.pallaressolsona.com/wp-content/uploads/2025/10/POSTAL-1917-HD-1-1378x2048.jpg 1378w, https://www.pallaressolsona.com/wp-content/uploads/2025/10/POSTAL-1917-HD-1-600x892.jpg 600w, https://www.pallaressolsona.com/wp-content/uploads/2025/10/POSTAL-1917-HD-1.jpg 1500w" sizes="(max-width: 689px) 100vw, 689px" />															</div>
				</div>
		<div class="elementor-element elementor-element-a07e862 e-con-full e-flex e-con e-child" data-id="a07e862" data-element_type="container" data-e-type="container">
				<div class="elementor-element elementor-element-722f008 elementor-widget elementor-widget-image" data-id="722f008" data-element_type="widget" data-e-type="widget" data-widget_type="image.default">
															<img decoding="async" width="1024" height="752" src="https://www.pallaressolsona.com/wp-content/uploads/2025/10/Factura-1929-1024x752.jpg" class="attachment-large size-large wp-image-9005" alt="" srcset="https://www.pallaressolsona.com/wp-content/uploads/2025/10/Factura-1929-1024x752.jpg 1024w, https://www.pallaressolsona.com/wp-content/uploads/2025/10/Factura-1929-300x220.jpg 300w, https://www.pallaressolsona.com/wp-content/uploads/2025/10/Factura-1929-768x564.jpg 768w, https://www.pallaressolsona.com/wp-content/uploads/2025/10/Factura-1929-1536x1128.jpg 1536w, https://www.pallaressolsona.com/wp-content/uploads/2025/10/Factura-1929-2048x1505.jpg 2048w" sizes="(max-width: 1024px) 100vw, 1024px" />															</div>
				</div>
					</div>
				</div>
				</div>

<p>Qui som Fent història des de 1917 Ciutat ganivetera des dels seus inicis, Solsona va tenir des del segle XVI fins a principis del XX fins a vint diferents tallers situats al seu nucli antic. A poc a poc van anar desapareixent fins a quedar només Pallarès, taller fundat el 1917 pels germans Lluís i [&hellip;]</p>
